luate (35 + -26 - 8) + -18 + 71.
54
What is the value of -32 + (0 - -9) - (0 + -69)?
46
What is 35 + 3 + 6 + -7 + 8 - 2?
43
What is the value of -10 + 0 + 59 + -4 + -31 - 52?
-38
7 + (51 - -10) - (-29 - -58)
39
What is 10 + -3 + -17 + (35 - 10) + -5?
10
What is 43 + (6 - -8) + -9 + 11 + -22?
37
160 + -266 + 12 + 54
-40
-11 - ((31 - 6) + -14) - -11
-11
What is 282 + -238 - (8 + (2 - -18))?
16
Calculate (-54 - (5 - 18)) + -11 - -20.
-32
-74 - -31 - (-8 + -24) - (2 - -32)
-45
2 + 27 + -55 + 40
14
What is the value of -24 - -4 - (-91 + (13 - (8 + 44)))?
110
What is 37 + 3 + 0 - (-10 - 5)?
55
What is -23 - (-1 - (-70 + -5 + (-1 - -5)))?
-93
Calculate 14 - (-14 + (10 - -4) + 16 + -42).
40
What is 1 + (-17 - (-9 + 16 + -14)) - (-1 + -68)?
60
Evaluate (0 - -4) + 33 + -32 - 3 - (82 + -74).
-6
What is -16 - (29 + (-44 - (30 - 49)))?
-20
What is the value of -20 + 21 + -10 + -18 + 4?
-23
What is (80 - 62 - -56) + -1 + -12?
61
((8 - 1) + -29 - -8 - -25) + -21
-10
What is the value of -2 + (-8 - 7) + 35 - -7?
25
What is the value of 2 - ((-12 + 14 - 14) + -5 + 3) - -2?
18
Calculate 6 - (39 + (9 - (10 + 2 + 4)) + 2).
-28
Evaluate 79 + -30 + 126 + -228.
-53
(10 - (1 + 10 + (-3 - -10))) + 20
12
What is the value of -24 - -14 - (((-10 - -49) + 10 - -1) + -8)?
-52
What is the value of -46 - (-14 + -6 + 7 + -2)?
-31
(51 + 43 - -9) + -43
60
Calculate 4 - (-48 + 0 - ((-94 - -112) + (1 - 10))).
61
Evaluate (-210 + 306 - 106) + (-1 - -81 - (-3 - -1)).
72
What is 34 + (39 - (23 - 15))?
65
What is the value of (-10 - (-7 - -2 - (5 + 14 - 30))) + 9?
-7
13 - (-26 - (-54 + -20))
-35
What is the value of -39 + -17 + (42 - 4 - -3)?
-15
Calculate -15 + -81 + -22 - (-36 - -5).
-87
What is the value of 354 + -310 + (-5 + (3 - 0) - 15)?
27
What is (80 + 2 - 1) + (4369 - 4335)?
115
Evaluate -12 + (18 - -10 - 21) + 132 - (-1 + 0).
128
What is 139 + (-306 - (-37 + 2))?
-132
Evaluate -26 + -8 + 7 - (54 + -17 + -32).
-32
What is (-2 - (26 + -22)) + 5 - (-1 - -108)?
-108
Evaluate -8 - (9 + -3 + -22) - 11 - -54.
51
Evaluate 17 + -2 - ((-46 - (-1 + -2)) + 9).
49
Evaluate -1 + 5 + (-43 - 3) - -12 - -2.
-28
What is the value of 7 + -3 + 2 - (25 - (49 - 27))?
3
What is 8 + 0 - (84 + 10 + (46 - 56))?
-76
Calculate 56 + (-128 - -70) - 19.
-21
Calculate (58 - 67) + (-2 - -7) - (-15 - (6 - 27)).
-10
6 + (1129 - 1197 - (0 - (6 - 0)))
-56
Calculate (595 - 604) + -78 + 0 + 0.
-87
What is the value of 2 + -61 - (-14 - (-2 - (14 - 5)))?
-56
Calculate (25 + 11 + -1 - 27) + (-1 + 1 - -1).
9
What is 5 + (50 + -62 - -30)?
23
Evaluate (21 - 2) + (-9 - (121 + -53)).
-58
Evaluate -7 - -288 - 126 - 125.
30
Calculate 5 + -1 - ((16 - 62) + 42) - -16.
24
What is the value of (12 - (23 + (-20 - -4))) + -2 + -31?
-28
What is -84 + (-3 + -8 - (493 + -479))?
-109
Calculate (-75 - 12) + 198 + -48.
63
-5 + (-89 - -90 - ((-2 - -1) + -12 + 4))
5
What is the value of (1 - 36) + (-21 + (8 - -2) - -3)?
-43
What is 57 + -4 - (10 - 3 - (-130 + 153))?
69
Evaluate -164 + 168 - ((0 - (-6 - -12)) + 16).
-6
-3 - (1 - (9 + -6 + 5 - -2))
6
What is (-2 - -92) + (-9 + 23 + 10 - (17 - -2))?
95
Calculate 73 - (85 + -19) - (35 + (0 - (1 + 1))).
-26
What is the value of (7 - 14) + 5 + -5 - -8 - (99 - 142)?
44
Calculate (0 - (2 + 12 + -5)) + (-54 - -78).
15
Evaluate 26 + 7 + -11 + 29 + -3 + -21.
27
Calculate -1 + 69 - (-15 + (-2 - -2) + 8 + 6).
69
-109 + 3 - (-446 + 315)
25
-147 + (-32 + 95 - -31)
-53
Evaluate -43 + -1 + 26 + -4 + (-7 - -104).
75
-131 + (198 - 74) + (0 - -3 - 13)
-17
What is the value of 2 + 1 - 44 - (1 + -15 + -2 + 11)?
-36
Evaluate -97 + 124 - (-29 + 15 - -44).
-3
What is -166 - (2 - 2 - -15) - (-5 - 20)?
-156
What is the value of -3 + (0 - -12 - 18) + -31?
-40
Evaluate -12 - 6 - (26 + (0 - 67)).
23
Evaluate (3 + -1 - (-20 + 31)) + (59 - 1).
49
Calculate -82 + 122 - (130 - 56).
-34
What is the value of -10243 + 10327 + (1 - 52)?
33
What is the value of -1 - -15 - (-92 + 53 + 46)?
7
Evaluate -2 - 72 - (-775 - -644).
57
Calculate -1 + (5 - 15) + -49.
-60
Evaluate (1 - (8 + -5) - -3) + (16 - (39 + -16)).
-6
What is the value of (-8 - -16 - (24 - 2)) + -6 + 2?
-18
Calculate (0 - -1) + -4 - (-47 + 110 + -51).
-15
Calculate 10 - (32 + -9 - 17).
4
Calculate 19 + (-1237 - -1239 - (0 - -85)).
-64
What is the value of -19 + 1 - (-2264 - -2318)?
-72
What is the value of -77 + 131 - (-103 - -38)?
119
What is -5 + -34 + -60 + (0 + -13 - -3) - 2?
-111
What is -13 + -32 - (-18 + -33)?
6
Calculate (-32 - (-15 + -20)) + 140.
143
-82 - (-196 - -69) - 61
-16
What is -51 + 2 + 9 + -39?
-79
Evaluate (-24 - 19 - 29) + 9 + 27.
-36
10 + -61 - (-43 + -67)
59
Evaluate -8 - 1 - -45 - (32 + -9).
13
Calculate -29 + 8 + -3 - (-392 - -433).
-65
What is the value of 4 - 90 - (283 + -374)?
5
Calculate (-2 - -1 - (0 + 8)) + (-5 - (-72 + 4)).
54
Calculate (-3 - 10 - (4 - 3 - (-1 + 5))) + 12.
2
Evaluate 3 - ((-22 - (-19 - -10)) + 9 - 0).
7
Evaluate 254 + -247 + (-1 - -2 - (0 - 6)).
14
What is (-13 - -9) + (-1 - 12) + 11 - -12?
6
Evaluate -279 - -269 - (-11 - -53).
-52
4 - 18 - 36 - -29
-21
23 + -10 - ((4 - -2) + (4 - 16))
19
Calculate (30 - 29) + -39 - -21.
-17
(-82 - -7) + -2 + 3 + (3 - -4 - 5)
-72
What is (21 - (7 + 6 + -12)) + -4?
16
Evaluate 1 - -22 - (-19 - 107 - -98).
51
What is -110 - (9 + (-18 - (19 + -36)) - (12 + 1))?
-105
What is 24 - (-51 + 54) - 56?
-35
What is -1 + (108 - 0) + (-32 - (-3 - (-8 + 29)))?
99
Evaluate (-766 - -792) + (13 - -1) + (18 - 13).
45
What is the value of (-17 - -11 - 17 - -6 - -9) + 51 + 2?
45
Evaluate 72 + -14 + 5 + (15 - 5) + -9.
64
What is the value of 1 - (-582 - -571 - (-2 + -30 + 1))?
-19
Calculate (-28 - -16) + -437 + 437 + (1 - 66) + -2.
-79
Evaluate 213 + (-41 - 57) + -95.
20
Calculate 5 + (43 - 40) + -88.
-80
Evaluate 18 + 40 + -18 + (-58 - 18 - -17).
-19
(20 - -10) + -8 - 63 - 6
-47
Calculate -5 + -5 + -7 + (150 - 163).
-30
What is the value of 31 + 0 + -29 - (-21 - -32)?
-9
Evaluate 84 + -30 + -43 + -23.
-12
What is the value of -23 + -1 + (-38 + 86 - 62)?
-38
What is -38 - (1 + (10 - (-2 + (20 + 9 - 8))))?
-30
Evaluate (20 - -24) + -31 + -46.
-33
What is (36 - 35) + 35 + -28 + 2?
10
What is the value of -1 + (-6 - 0 - -5) + (-5 - (-35 - 13))?
41
What is -5 - 14 - (-7 + 11 + 27)?
-50
Calculate -34 + (32 - (-71 - -36)) + 0 + -14.
19
Evaluate (1 - 1) + 13 + 15 + (-6 - 7) + 5.
20
What is -89 + 178 - (-11 - -45)?
55
Calculate -16 + (-5 - -6 - -28) + -9 + -25.
-21
What is -3 + 44 + (-17 + 10 - ((-7 - -4) + 5))?
32
Evaluate 493 + -450 - (63 - 1).
-19
Calculate (-120 - -80) + 60 - 46.
-26
What is the value of (-15 - -52) + -135 - -20 - (-8 + 1)?
-71
Evaluate -13 - (-1 - 17 - (-40 + (-16 - -71))).
20
What is the value of (45 - 2) + -2 - (44 - (-58 - -85))?
24
What is 39 + -6 + 5 + 6 + (-5 - 2) + 0?
37
What is -4 + 12 + 6 + (-4 - -16) + -33 - 19?
-26
What is 40 - ((1 - -4) + 52)?
-17
What is 5 - 2 - ((17 - -20) + (-6 - (-1 - -6)))?
-23
Calculate (-6 - (-34 + 11)) + -40 - -52.
29
Calculate 16475 + -16499 - (-4 - -2 - 29).
7
What is (-7 - 1) + (26 - 43) - 19?
-44
Evaluate (3 - -5) + -1 - 2 - (-35 + 33 + -82).
89
What is the value of -51 + -1 + -1 - ((-3 - 8 - -13) + -13)?
-42
What is -5 + (7 - 8 - 121)?
-127
(1 - 2) + 14 + -27 + 1 - (133 + -136)
-10
What is the value of 7250 - 7368 - (0 - 75)?
-43
Calculate 88 + (-164 - -18) + 63.
5
What is the value of -38 - (18 - (-17 - -29))?
-44
What is -22324 - -22253 - (-62 + 0)?
-9
Calculate -85 + 66 - (33 - 11).
-41
-6 - ((-9 - 10) + -3 + 29)
-13
Calculate (-43 - (4 + -11)) + 54.
18
Evaluate -16 + -16 + (4 - -4 - 3 - 10).
-37
-47 + (1645 - 1629 - (1 - 106))
74
What is the value of -55 + (0 + -3 - -8) + (-285 - -274)?
-61
What is the value of -49 + (-13 - (22 - (21 - -15)))?
-48
What is the value of (70 - (21 - -48)) + (1 - (-5 + 1)) + -34?
-28
What is 3 + (-5 - 7) + 20 + -10 + (-9 - 12)?
-20
Evaluate (0 + -6 - -6) + 0 - (-684 - -566).
118
What is -6 + 1 + 2 - (53 + -23 + 5 + 6)?
-44
Evaluate (-19 - -1) + 57 + -117 + 57.
-21
What is -25 + (-51 - -94 - 40)?
-22
What is the value of -38 - (33 - 21 - (-1 - -20))?
-31
What is the value of (-4 - (-8 + 3 + 4)) + (-47 - -122) - -12?
84
(-10 - -4) + -80 - ((0 - -3) + 0 + -11)
-78
What is 12 + (-1 + -8 + (32 - 19) - 1)?
15
Calculate -80 + 122 + -48 + 86.
80
What is (-20 - (-24 + 18)) + -42 - 34?
-90
Evaluate 3 + (5 - 2) + (10 -